(10/25). What are the prime factors of z(o)?
3, 97
Let n(g) = -6*g**2 + 13*g - 19. Let i(b) = 6*b**2 - 13*b + 18. Let v(f) = 5*i(f) + 4*n(f). List the prime factors of v(-6).
2, 7, 11
Let z(b) be the first derivative of 16*b**3/3 + 15*b**2/2 - 5*b - 10. List the prime factors of z(-5).
2, 5
List the prime factors of 783906/33 + 11/((-605)/40) + 1.
5, 4751
Let x = -454 - -458. Suppose -n = 4*b - 871, 2*b + 3448 = -0*n + x*n. List the prime factors of n.
863
Suppose -h - k = -308 - 133, -3*h = -4*k - 1344. List the prime factors of h.
2, 3, 37
Suppose 0 = 2*p, 11 = -j - 5*p - 13. What are the prime factors of (290 - j)*(-2)/(-4)?
157
Let p(r) = 208*r**2 - 156*r + 937. List the prime factors of p(6).
7489
Let d = 40 - 45. Let a(f) = -23*f - 12. Let m be a(d). Let j = 14 + m. List the prime factors of j.
3, 13
Let p be -1 - (2/1 - 18). Let n be (p/6 - 1/(-2)) + -4. What are the prime factors of (n - -3)*1209/26?
3, 31
Suppose 0*h - 36 = -3*h. Let i be 3*(7480/h)/5. Suppose -1022 + i = -3*x. What are the prime factors of x?
2, 3
Suppose -31*w - 2580 = -36091. What are the prime factors of w?
23, 47
Suppose 0 = 19*v - 17*v - 26. Suppose 2*s + 9*d - 796 = v*d, -5*d + 1960 = 5*s. What are the prime factors of s?
2, 197
Let n = -142 - -145. Let b(w) = -10*w + 2 - w**n + 14*w**2 - 6 - 17. What are the prime factors of b(10)?
3, 31
Let t(l) = -44*l + 201. Let g be t(0). Let v = 65 + g. What are the prime factors of v?
2, 7, 19
Suppose -7*u + 16 + 12 = 0. Let k(p) = 16*p**3 - p**2 + 30*p - 98. List the prime factors of k(u).
2, 5, 103
Let n(w) = 2*w**3 - 3*w**2 - 6*w - 3. Let i be 9*(-2)/(-6) + -1 - -2. What are the prime factors of n(i)?
53
Suppose 502*v - 244170 = 472*v. What are the prime factors of v?
3, 2713
What are the prime factors of 173/(-5*4/(-200))?
2, 5, 173
Suppose 0*c + 8 = 2*c. Suppose c*u = -0 - 16, -526 = 3*j - 2*u. What are the prime factors of (-2)/(-8) - (-6)/(-16)*j?
67
Suppose -5*i - 13 = 3*z, 5*i + 18 = 5*z - 27. Suppose -f = -z*b - 0*b - 11, -3*f + 5 = 2*b. List the prime factors of (2/(-14) - (-310)/14) + f.
5
Let d(b) be the third derivative of 4*b**4/3 + b**3/2 + 4*b**2. Let g = 6 - 4. What are the prime factors of d(g)?
67
Let m(d) = -7 - 4*d**2 - 2*d**3 + 0*d**3 + 2*d + 0*d - 2*d**2 - 7*d. Let u = 8 - 12. What are the prime factors of m(u)?
3, 5
Let b be (-47)/((-3760)/(-576))*(-110)/(-4). List the prime factors of (11121/b)/(((-7)/(-6))/(-7)).
337
Let d(z) = 162*z**2 - 33*z + 119. List the prime factors of d(6).
11, 523
Suppose -38 - 14 = -26*p. Suppose p*q = 5*k + 1441, 0*q - 4*k + 3586 = 5*q. List the prime factors of q.
2, 359
Suppose 0 = 3*c + 15, 4*p = -7*c + 4*c - 7. Suppose -p*l = -31 - 21. What are the prime factors of l?
2, 13
List the prime factors of (37295/(-1))/(0 - 10/4).
2, 7459
Let r be ((-74)/(-8))/((-11)/44). Let m = r - -42. Suppose -6 = -h + 2*o + 4, -m*o = 3*h - 85. List the prime factors of h.
2, 5
Suppose 4*n + 138*f = 137*f + 59650, 3*n = -4*f + 44718. What are the prime factors of n?
2, 7457
Let m(v) = 89*v**2 + 10*v + 11. Let r(a) = -3*a + 76. Let n be r(26). List the prime factors of m(n).
347
Let s(q) = -2178*q - 2716. What are the prime factors of s(-12)?
2, 5, 1171
Suppose -4*z = 32, -13*g + 9*g + 41932 = -3*z. What are the prime factors of g?
10477
Let x(s) = -3 - 15 + 10*s**2 - 4*s + s**3 + 5. Let d be x(-10). Suppose 2*f - d = 59. What are the prime factors of f?
43
Suppose 3*y + 0*o - 10 = 4*o, 4 = -4*o. Suppose -37*q - 79 = 42*q. What are the prime factors of -148*(1/y + q)?
2, 37
Suppose -21*f = -198231 - 224121. What are the prime factors of f?
2, 3, 419
Suppose 2*r - 2*i = -i + 16, 31 = 3*r - 5*i. Let s(x) = 0 + r - 8*x**2 - 5*x + 2*x**3 - 5*x + 8*x. List the prime factors of s(5).
47
Suppose 5*l - 1117 = -4*w, 2*l - l - 2*w = 215. Let t = l - 167. List the prime factors of t.
2, 3
Suppose 0 = 3*a + 8*m - 651, 2*a - 1140 = -3*a + 5*m. List the prime factors of a.
3, 5
Suppose -822*v - 106919 = -853*v. List the prime factors of v.
3449
Suppose 2*x + 2 = -2*k, 4*x = 3*k - 8*k - 1. Let n = 1 - k. List the prime factors of n - (30/5)/(9/(-6)).
2
What are the prime factors of 6 - (-42889)/(-11)*-1?
5, 11, 71
What are the prime factors of (-65 - 3)/(12/(-1374)*1)?
2, 17, 229
Let l(d) = 924*d + 34. List the prime factors of l(11).
2, 5099
Suppose -9*k + 459 + 549 = 0. Suppose 6*p - k = 2*p. Suppose p = 3*v - 182. List the prime factors of v.
2, 5, 7
Let q(n) = 3*n**2 - 13*n + 17. Let s be q(3). Suppose -5*g - 3*d = -874 - 2736, 0 = s*d. List the prime factors of g.
2, 19
Suppose 51*x - 16153 = 108387 + 64772. What are the prime factors of x?
2, 29
What are the prime factors of (-790 - 3)/(693/351 + -2)?
3, 13, 61
Let y be 6/((-48)/(-49)) + (-1)/8. Suppose -y*b + 25 = -b, -2*b = -4*t + 666. What are the prime factors of t?
13
Suppose 4*x = a - 89, 2*x + 43 = 54*a - 55*a. Let v(n) be the first derivative of -n**2/2 + 46*n + 2. What are the prime factors of v(x)?
2, 17
Let p = 12967 + -5978. List the prime factors of p.
29, 241
Let r be (-2 - (-52)/16)/(7/28). Suppose -r*i - 2*c + 73 = -271, -5*i + 2*c + 356 = 0. List the prime factors of i.
2, 5, 7
Let y(x) = 50*x**2 - 4*x + 16. Let z be y(6). Suppose -4*i + z = -0*r + 4*r, -2*i = -5*r - 889. List the prime factors of i.
3, 149
Suppose 0 = -9*b - 8*b + 153. Let s(k) = 9*k**2 - 3*k**3 + 16 - 17*k + 5*k**2 + 4*k**3 - 2*k**3. List the prime factors of s(b).
2, 67
Let s(w) = -8*w**3 - 264*w**2 + 30*w + 1. What are the prime factors of s(-35)?
13, 1427
What are the prime factors of 162/135*((-187026)/(-12) - -2)?
3, 5, 29, 43
What are the prime factors of (-905386)/(-155) + (-24)/(-30)?
2, 23, 127
Let n = -7213 + 10571. What are the prime factors of n?
2, 23, 73
Let v(s) = 11*s**2 - 12*s - 2. Let r(i) = 10*i**2 - 11*i - 1. Let w(l) = 3*r(l) - 2*v(l). Let m be w(5). Let k = m - 86. List the prime factors of k.
2, 5, 7
Suppose t + 4*t + 175 = 0. Let p = t + 42. Suppose 0 = -p*n + 11 + 24. What are the prime factors of n?
5
Suppose 3*n = 8 + 1. Suppose -x = n*a + 8, -4*a = 6 + 6. What are the prime factors of 40 + 3*(-2 + x)?
37
Suppose 3*j = 56 - 56. Suppose j*k - 2*k - 2 = 0. What are the prime factors of k/(-2 - (-1365)/685)?
137
Let l(m) = m**3 + 32*m**2 - 3*m + 39. What are the prime factors of l(-22)?
5, 23, 43
Let j = 2847 + -2007. Suppose 0 = 8*y - 3072 + j. List the prime factors of y.
3, 31
Let x(z) = 714*z**2 + 56*z + 491. List the prime factors of x(-10).
3, 13, 31, 59
Let p(b) = 3*b**2 + 4*b - 7. Let q be p(2). Let y(n) = -n**3 + 16*n**2 - 16*n + 27. List the prime factors of y(q).
2, 163
Let a(j) = -j - 8. Let u be a(-8). Suppose -2*h = -v + 11, 0 = -3*v - u*v - 4*h - 7. Let f(c) = 5*c + 10. What are the prime factors of f(v)?
5
Suppose 0 = -4*v + 14*v - 143880. Suppose -9*d = 13*d - v. List the prime factors of d.
2, 3, 109
Suppose 5*h - 58766 = -4*m, 2*m + 9*h - 29380 = 7*h. What are the prime factors of m?
2, 3671
Suppose -4*a + 20 = 4. Suppose p - 6 = -2*z, -3*z - a = 5*p + 1. Let c = p - -7. List the prime factors of c.
3
Suppose 17098*t - 482592 = 17065*t. What are the prime factors of t?
2, 457
Suppose -2*a = -286 + 30. Let n be 4/10 - a/20. List the prime factors of 333/6*5/((-15)/n).
3, 37
Let v(p) = -43*p - 69. Suppose 4*o - 65 = 15. Suppose 7 = -2*c + 5*h, -4*c + 3*h + h - o = 0. List the prime factors of v(c).
3, 7
Let y(b) = 14 - 12*b + 11*b**2 - 25*b**2 + b**3 + 6*b**2. Let o be y(6). Let f = o + 235. List the prime factors of f.
3, 5, 7
Suppose 0 = 5*t - 5*w - 75, t + 2*w - w - 7 = 0. Suppose 8*m = -t*m + 22876. What are the prime factors of m?
2, 7, 43
Let x = 208 + -201. Suppose x*z + 407 = 8*z. List the prime factors of z.
11, 37
Let j = 960 - -31004. What are the prime factors of j?
2, 61, 131
Let l be ((-416)/10)/(396/(-30) + 13). Suppose l = 3*s - 350. List the prime factors of s.
2, 3, 31
Suppose 35*m + 3*m - 83302 = -20070. What are the prime factors of m?
2, 13
Let k(y) = -2*y**3 - y**2 - 6*y - 9. Let b(q) = q**3 + 9*q**2 - 13*q - 21. Let f be b(-10). Suppose 3*n = -f - 3. List the prime factors of k(n).
127
Suppose 3*z - 6156 = -9*z. Let a = 912 - z. What are the prime factors of a?
3, 7, 19
Let c be (-2 + 1)/(5 - 26/5). Suppose 5*d + r = 4*r - 85, c*d - r + 85 = 0. Let k = 37 + d. List the prime factors of k.
